s digit of h(8)?
1
Suppose -w - 5*h = -21, 0 = -0*h - 2*h. What is the tens digit of w?
2
What is the units digit of -25*(0 + 8/(-10))?
0
Suppose -2*l + b - 3 = 0, 4*b - 2*b - 6 = -l. Suppose -3*d - 17 = -4*n, -8 = -n - l*d - 3*d. What is the units digit of n?
5
Let p = 18 + -11. Let d(b) = 3*b - 3. What is the tens digit of d(p)?
1
Suppose 3 = -3*l + 4*w, 1 + 8 = l + 2*w. Let g be 2/((-2)/(-8)*2). Suppose g*b = -k + 7, -b - l*k = 4*b. What is the units digit of b?
3
Let f(k) = 3*k**3 - k**2 - 11*k + 17. What is the tens digit of f(5)?
1
Let r(m) = m**3 + 5*m**2 - m + 5. What is the tens digit of r(-4)?
2
Let a(m) = -m**3 - m**2 + 10. Let v be a(0). What is the units digit of ((-8)/v)/((-3)/30)?
8
Suppose 5*y + 4*x - 38 = -0*y, y = -4*x + 14. Let g = y - 2. Suppose -g*z + 45 = -z. What is the tens digit of z?
1
Let d = 0 + 2. Let o be (d/(-4))/(1/(-2)). Suppose 0 = 2*r - o - 3. What is the units digit of r?
2
Suppose 3 = 5*w - 2. Let v(p) = -2*p - 8. Let u be v(-5). What is the tens digit of (3 - u)*(w + 9)?
1
Suppose -o - 24 = -2*d + 2*o, -d + 1 = 4*o. Let r = -3 + d. What is the units digit of r?
6
Let a = 59 + 172. What is the units digit of a?
1
Suppose 8 = -3*d - 4*s, 0 = 6*d - 2*d + 3*s + 6. Suppose -5*q + 2*u = -42, -3*u - 19 = -d*q - 2*q. What is the units digit of q?
8
Let n = 21 - 7. What is the tens digit of n?
1
Suppose -3*t = 4 + 8. What is the tens digit of (-78)/t - (-8)/(-16)?
1
Let y(f) = f**2 - 9*f - 2. Let l be y(8). Let n = l + 6. Let v = -3 - n. What is the units digit of v?
1
Let k(m) be the first derivative of m**4/4 - m**3 - 3*m**2 + 6*m - 3. What is the units digit of k(5)?
6
Let h(t) = 3 + t + 4 - 2 + 1. Let a be h(0). Suppose a*o - 4*o - 4*p = -12, -o - 2*p = -14. What is the units digit of o?
4
Suppose -5*d = -4*b + 74, -4*b - 4*d + 56 = -0*d. Suppose -47 = -m - 2*w + w, 0 = -4*w + b. What is the units digit of m?
3
Let b(t) = 3*t + 2. Let n be b(-2). Let w(g) = g**2 + 5*g + 1. Let u be w(n). What is the units digit of (-6)/(-1)*u/(-2)?
9
Let t(i) = -i**3 - 9*i**2 - 8*i + 3. Let m be t(-8). Suppose -6 = 3*y - y + 4*q, -m*y - 3*q + 3 = 0. Suppose -y + 13 = 4*p. What is the units digit of p?
2
Suppose -2*j + 21 = j. Suppose 2*s = j*s. Let b = s - -1. What is the units digit of b?
1
What is the tens digit of (5 + -2 + 1)*446/8?
2
Let r(j) = -j**3 - 12*j**2 - 16*j - 4. Let w be r(-11). Suppose 0*b - 3*b = -w. What is the units digit of b?
7
Let y be -1*(-4)/6*3. Suppose -4*b + l + 7 = -y*b, 5*b = -3*l + 1. What is the units digit of b?
2
Suppose 0*r = -2*g + r + 98, 0 = -3*g + 3*r + 147. Suppose -4*l + 44 = -4*b, 2*l + 5*b + g = 6*l. Suppose -2*z = -5*z + l. What is the units digit of z?
2
Let m = 291 - 171. What is the units digit of m?
0
Let p(z) = z**3 - 9*z**2 + 6*z + 2. Let a be p(8). What is the units digit of a/(-10) + 8/(-20)?
1
Suppose -93 = -4*i - 37. Let j = -6 + i. What is the units digit of j?
8
Let b(y) = 5*y + 4. What is the tens digit of b(9)?
4
Let y be 4 - 1 - (-8)/4. Suppose -5*g + y = -5. What is the units digit of g?
2
Suppose 5*m + 11 = -19. What is the units digit of m/(-6) + (1 - 0)?
2
Suppose -316 = 14*o - 15*o. What is the hundreds digit of o?
3
Let s(f) = 2*f - 58. Let x(m) = m - 19. Let d(r) = -3*s(r) + 10*x(r). What is the tens digit of d(14)?
4
Let c = 274 + -110. What is the hundreds digit of c?
1
Suppose -3*m + m + 8 = 0. Suppose -m*s = 5*c - 66 - 26, 4*c = -s + 34. What is the units digit of s?
8
Let q(r) = 2*r - 2 - 3 - 4. Let u be (1 + 1)/(2/8). What is the units digit of q(u)?
7
Let n(u) = 3*u - 4. Let y be n(3). Let d be (-78)/(-5) - (-2)/5. Suppose -k - d = -y*k. What is the units digit of k?
4
Suppose 2*i + 10 = 2*g - 26, 0 = 4*i + 3*g + 44. What is the units digit of (i + 9/(-3))/(-1)?
7
Let i = 126 + -2. What is the tens digit of i?
2
Let m = -9 + 4. Let x(t) = -2*t + 4. Let w(v) = v - 3. Let q(u) = 4*w(u) + 3*x(u). What is the units digit of q(m)?
0
Suppose 3*c - 48 = 54. What is the tens digit of c?
3
Let p be 6/24 - (-11)/4. Let f be 27/15 - p/(-15). Suppose -f*y + 3 = y. What is the units digit of y?
1
Let z(t) = t**3 + 14*t**2 + t + 20. Let k be z(-14). Suppose -2*g + 150 = 4*w, -w - 204 = -k*w + 3*g. What is the units digit of w?
9
Let i = -88 - -183. What is the tens digit of i?
9
Suppose -2*n = 3*n - 15. What is the units digit of 15*(-3 + 7 - n)?
5
Suppose v = 11 + 1. Suppose 3*m + 5*j = 37, 0 = -4*m - 4*j + 56 - v. What is the units digit of m?
9
Suppose 4*w - 2*w + 12 = -3*t, 19 = -3*w - 5*t. Let n(l) = -l**3 - 2*l**2 + l - 1. What is the units digit of n(w)?
5
Let m be 2 + 0/3 + -1. Let n = m - -18. What is the tens digit of n?
1
Let x(b) = 1 + 13 + 3*b + 2*b**2 - 3. Let l(c) = -c**2 - 2*c - 5. Let s(y) = 13*l(y) + 6*x(y). What is the units digit of s(-7)?
8
Suppose -1296 = -4*w - 2*w. What is the tens digit of w?
1
Let m(w) = -3*w - 4. Let j = 9 - 16. What is the units digit of m(j)?
7
Let n(m) = -m + 9. Let u be n(7). Suppose u*f + 3 = 5*f. Suppose 0 = -r + x + f, -4*r = 4*x + 6 - 42. What is the units digit of r?
5
Suppose 2*g - 6 = -0*g. Let h = 4 - g. What is the units digit of (0 + h)*(3 + 2)?
5
Let d = 10 + -16. Let a = d - -22. What is the units digit of a?
6
Let v = -6 + 10. Suppose v*w - 213 = -5*o, 2*w - 32 = -2*o + 72. What is the tens digit of w?
4
Suppose -3*s + 5 = -4. Suppose -5*w = 3*a - 72, -2*a - s*a - 5 = 0. Suppose 3*t - 3 = w. What is the units digit of t?
6
Let h = 7 - 7. Suppose v + 3 = q - h, 0 = 3*q + 3*v - 9. What is the units digit of q?
3
Suppose 0*c + 2*c - 4 = 0. Suppose -c*f + 6 = -f. Suppose -f*p + 3*p = -66. What is the units digit of p?
2
Suppose 0 = -f + 12 + 47. What is the units digit of f?
9
Let w = -290 - -530. What is the units digit of w?
0
Let l be (-1)/(-2) - 4/(-8). Let g be (-3)/(-3) - (-5)/l. Suppose g*f - 4 = 2*f. What is the units digit of f?
1
Let p be 1/3 - (-550)/6. Suppose -3*i + p = 5*b, 12 = 2*b - 3*i - 2*i. What is the tens digit of b?
1
Suppose 5*f = 3*f + 88. What is the units digit of f?
4
Suppose 4*t - 4 - 8 = 0. Suppose -3*f = -t*b - 3 + 15, -5*b - 3*f + 36 = 0. What is the units digit of b?
6
Let p = 11 - -9. Let u = p + 2. What is the tens digit of u?
2
Let h = 2 + 1. Suppose -2*t = -h*t + 40. Suppose -2*n + t = 3*n. What is the units digit of n?
8
Let v = 7 - 7. Suppose -2*i + v*i = -18. Suppose -3*h + 6*h - i = 0. What is the units digit of h?
3
Let d(b) = -b**3 - b - 2. Let s be d(0). Let k be ((-20)/(-15))/(s/(-9)). What is the units digit of (k/4)/((-1)/(-2))?
3
Let j(n) = 12*n**2 - 2*n + 1. Let k be j(1). Let r = 17 - k. What is the units digit of r?
6
Let b(m) = -m**2 + 5*m + 12. What is the tens digit of b(5)?
1
Suppose 4*k + 4*r = -120, -2*k + 6*k = 4*r - 104. Let d = 13 + k. Let o = d + 21. What is the units digit of o?
6
Suppose 3*c - 10 = -37. Let q = 6 + c. Let d = q + 6. What is the units digit of d?
3
Suppose 5*a - 5*u - 35 = 0, u - 5*u - 4 = 2*a. Let r = 10 - a. What is the units digit of r?
6
Let s = 66 - 31. What is the units digit of s?
5
Suppose 2*w + 210 = 5*u, 3*w = u - 0*w - 29. What is the units digit of u?
4
Suppose -n - 3*n - x + 21 = 0, -2*x - 6 = -4*n. Suppose -9 = k - 36. Suppose -n*b = -b - k. What is the units digit of b?
9
Let m(u) be the second derivative of 1/2*u**2 - 2*u - 1/6*u**3 + 1/12*u**4 + 0. What is the units digit of m(0)?
1
Let z(w) = -w - 5. Let q be (-14)/8 + 4/(-16). Let a be (-3 - 2 - q)*2. What is the units digit of z(a)?
1
Let c(f) = 4*f**3 + f**2 - 5*f - 6. Let j(d) = -3*d**3 - 2*d**2 + 5*d + 5. Let q(b) = -2*c(b) - 3*j(b). What is the units digit of q(-4)?
7
Suppose -5 + 2 = -3*p + 2*y, -2*y = 2*p - 12. Suppose -34 - 59 = -p*h. Let q = h + -21. What is the units digit of q?
0
Let f = 1 + -1. Let h be ((-3)/6)/(4/(-8)). Let i = h + f. What is the units digit of i?
1
Suppose -b = -2*b + 21. What is the units digit of b?
1
Let u = 11 - 7. Suppose -u*i = -3*z + i - 5, z = i - 5. What is the units digit of 4/z - (-74)/10?
7
Suppose 117 = 4*h + 5*p, h - 3*p + 2 = 2*p. What is the tens digit of h?
2
Let i(a) = -3*a**2 + 2*a - 1. Let u be i(1). Let p = u - -2. Suppose p = -5*j - 0 + 35. What is the units digit of j?
7
Let p(y) = 5 - 3*y - 3*y + y + y**2. Suppose 0 = 4*q - 3*d - 16, -5*q = -0*d + 3*d - 47. What is the tens digit of p(q)?
1
Let b(i) = -i**3 + 